/(-10))?
7
Let w(k) = -k + 31. Let o be w(25). Suppose 527 = 3*p + 4*t, -149 = -p - o*t + 10*t. What is the hundreds digit of p?
1
Let g = 169758 + -101741. What is the units digit of g?
7
Suppose -13565*n + 13556*n = -342639 + 1620. What is the ten thousands digit of n?
3
Let n(h) = 37*h**2 - 17*h + 4. Let y be n(-5). Suppose 5*x - y = -x. Suppose 1125 = x*o - 164*o. What is the hundreds digit of o?
2
Let b = 17 - 20. Let v(w) = -3*w + 15. Let l be v(-7). What is the tens digit of (3 + (l - -4))*(-1 - b)?
8
Let l be (-3063)/(-3) - (1 - -2 - 6). Suppose 92 = -4*z + n + l, 5*z + 3*n - 1148 = 0. What is the hundreds digit of z?
2
Suppose 5*d - 2*m - 24078 = 271489, -2*d - 5*m = -118221. What is the units digit of d?
3
What is the tens digit of 110/(-5) - 608328/(-42)?
6
Let t = -584 + 949. Let n = t - 70. Let s = -130 + n. What is the hundreds digit of s?
1
Let i(x) = -5*x + 11. Let r be i(-14). Let p be (2 + (-15)/6)*-4. Suppose -3*s + r = -p*s. What is the tens digit of s?
8
Let w(j) = 76*j + 52. Let b(y) = y + 15*y + 2*y + 13 + y. Let a(i) = 9*b(i) - 2*w(i). What is the units digit of a(3)?
0
Let g(b) = -b**2 + 15*b - 8. Let r be g(13). Let f(x) = -x**3 + 20*x**2 + 11*x - 59. What is the tens digit of f(r)?
8
Suppose s + 3*d + 1 = 0, -4*d + 8 = s + 10. Suppose 2*m + 0 = 6. Suppose -5*b = -m*w - 429 + 146, -2*w - s = 0. What is the tens digit of b?
5
Suppose 5*p + 5 = 0, -3*g - 3*p - 3 = 2*g. Let i(b) = -b - 64 + 86 + g*b. What is the units digit of i(-11)?
3
Suppose 3*s - 15291 = 3*p, -5*s = -2*p + 12149 - 37646. What is the hundreds digit of s?
1
Let s(z) = 6*z**3 - 4*z**2 + 5*z - 6. Let j be s(3). Let a = 242 - j. What is the hundreds digit of a?
1
Let z = 1277 - 511. Let k = z - 318. What is the units digit of k?
8
Suppose 4*l = -4, 2*j - 9*l + 11*l = 8278. What is the thousands digit of j?
4
Let j be 55/2 + -5 + 2/(-4). Let q = j + 48. Let c = q - 39. What is the units digit of c?
1
Let h(n) be the second derivative of -31*n + 1/3*n**3 + 0 + 6*n**2. What is the tens digit of h(21)?
5
What is the units digit of 2248 + 28/(-10) + (-8)/(-10)?
6
Suppose -2*y + 15482 = -2*d, 1399 - 9122 = -y - 5*d. What is the thousands digit of y?
7
Suppose 5*t - 40 = 4*v, -4*t - 18*v + 32 = -17*v. Suppose -t*z + 19*z = 5192. What is the tens digit of z?
7
Let c = -433 + 429. What is the tens digit of 7 - (-122)/c*-38?
6
Let j = -113 + 104. Let s = j + 155. What is the units digit of s?
6
Let a(p) = -p**3 - 15*p**2 + p + 15. Let y be a(-15). Suppose y = -3*q - 12, 2*g + 2 = -q - 8. Let h(l) = 8*l**2 + 5. What is the units digit of h(g)?
7
Let p be (-7)/63*-3603*1*3. Let k = p - 775. Suppose -30 = -t - 3*z + 63, k = 5*t + 2*z. What is the units digit of t?
4
Suppose -98 - 217 = -7*g. Let d be 249/(-27) + 10/g. Let i(z) = z**3 + 11*z**2 - 6*z + 7. What is the units digit of i(d)?
3
Let r(k) be the second derivative of k**4/12 - k**3/2 - 3*k**2/2 - 3*k. Let m(o) = -4*o**2 - 8*o + 3. Let u be m(-3). What is the hundreds digit of r(u)?
1
Let p = 551 - 542. Suppose 0 = -11*r - p*r + 14380. What is the tens digit of r?
1
Let h be 687*(-1)/(-3)*2. Let g = 1051 - h. What is the units digit of g?
3
Suppose -6*f = -19*f + 1053. Suppose 3*x - 2*x - f = -u, 0 = 2*u + 5*x - 171. What is the units digit of u?
8
Let d(l) = -24*l - 32. Let c = -34 + 28. What is the hundreds digit of d(c)?
1
Suppose 39*h - 6 = 37*h. Suppose 1576 = h*r - 4001. Suppose 6*n - r = -7*n. What is the hundreds digit of n?
1
Let b(p) = -2*p - 3. Let z be b(-13). Suppose -4*t - 11 + z = 0. Suppose 0 = 2*v - 4, -5*g + t = -10*g + 4*v. What is the units digit of g?
1
Let z(y) = 245*y - 1442. What is the tens digit of z(29)?
6
What is the units digit of (-2)/(-33) - (-6985381)/429?
3
Suppose -f - f - 20 = -4*a, -5*a + 5*f + 30 = 0. Suppose 3*m + 27 = 2*w - 202, -a*m = -20. What is the hundreds digit of w?
1
Let i be (-66)/(-33)*(-3615)/(-3). Let c = i + -1137. What is the hundreds digit of c?
2
Let o be (4/12)/(4/132). Let b(f) = f**3 - 12*f**2 + 10*f + 15. Let d be b(o). Suppose 4*p - 111 = 3*p - d*r, 0 = 2*r. What is the tens digit of p?
1
Let z = -184 - -282. What is the tens digit of ((-84)/z)/((-2)/518)?
2
Let n(f) = -2*f**3 + 8*f**2 + 13*f - 4. What is the tens digit of n(4)?
4
Suppose 18*p + 6*p - 48 = 0. Suppose 0 = 4*a - 4*u + u - 2228, -5*u - 1100 = -p*a. What is the hundreds digit of a?
5
Suppose 0 = w + 3*z - 21, w + 7 = 3*z + z. Let y be ((-3)/w)/((-5)/(-10))*12. Let r(x) = -23*x - 23. What is the tens digit of r(y)?
6
Let p = 167516 - 104528. What is the ten thousands digit of p?
6
Let l be (1 - 3)/(((-96)/42)/8). What is the hundreds digit of 4*-318*l/(-56)?
1
Let m(t) = -t**2 - 23*t - 145. Let y be m(-10). What is the units digit of (110/y)/(3/(-81))?
8
Let a = 28903 + 23290. What is the ten thousands digit of a?
5
Let n = -94 - -68. Let d(z) = -z**3 - 27*z**2 - 29*z - 65. Let y be d(n). Let c(l) = -l**3 + 15*l**2 - 16*l + 14. What is the hundreds digit of c(y)?
1
Suppose 90*o - 89*o + 474 = 0. Let n = -122 - o. What is the units digit of n?
2
Let r = 32 + 22. Let m = r - 14. Let p = 63 - m. What is the tens digit of p?
2
Suppose -95473 - 101715 - 6036 = -28*h. What is the tens digit of h?
5
Let d be ((-14)/7 - -3)/(2/12). Let g(x) = d*x + 70 + x**2 - 96 + 7*x. What is the tens digit of g(-18)?
6
Suppose 2*h = -4*a + 112026, 30*h - 34*h - 140052 = -5*a. What is the hundreds digit of a?
0
Suppose -206817 = 112*a - 151*a. What is the hundreds digit of a?
3
Let l be 5/(-15)*(-1 + 124). Let b = l - -416. What is the tens digit of b?
7
Let i be 2853/(-81) + ((-8)/(-18))/2. Let g be 1 + 1 + i + 7. What is the tens digit of (-4)/g + 635/13?
4
Let j(y) = y**3 + 6*y**2 + 8*y + 22. Let a be j(-4). Suppose 0 = a*z - 155 - 175. What is the tens digit of z?
1
Let v = 238 + -94. Let a = v - 208. Let r = a - -139. What is the units digit of r?
5
Let k(w) = 3*w**2 + 4*w + 10. Let i be k(0). Let o = 668 + i. What is the hundreds digit of o?
6
Let p(h) = -2*h**3 - 4*h**2 - 4*h - 1. Let z be p(-2). Suppose -z*y = 4*g - 3*y + 500, 3*g - 2*y + 370 = 0. Let n = 329 + g. What is the tens digit of n?
0
What is the tens digit of (-2465761)/(-92) - (-42)/(-24)?
0
Suppose 0 = v + 2*p - 5390, 3*v - 15*p = -16*p + 16150. What is the units digit of v?
2
Suppose -4*l = -k + 2338, 2*l + 3*l + 2*k + 2916 = 0. Let s = -88 - l. What is the tens digit of s?
9
Let q be 5*(-2)/(-40) + 9502/8. Suppose -25*s + q = -29*s. Let o = s - -483. What is the hundreds digit of o?
1
Suppose -4*i = -2*i - 8, 0 = 3*w - 3*i - 9. Let k(r) = 2*r**2 + 6*r + 9. What is the units digit of k(w)?
9
Let s(a) = a**3 + 9*a**2 + a - 2. Suppose h = -4*q - q + 4, -4*q = 4*h. Let p be q/(-2)*(10 - -4). What is the units digit of s(p)?
9
Let t = -37290 + 88620. What is the hundreds digit of t?
3
Let p = 25156 + -9100. What is the hundreds digit of p?
0
Let s(r) = r**3 - 30*r + 257. What is the thousands digit of s(27)?
9
Suppose 0 = -7*r + 3*r - 244. Suppose 24 = -5*i - s, 0 = 2*i - 90*s + 95*s - 18. Let l = i - r. What is the units digit of l?
5
Suppose 0 = 42*x - 46*x + r + 365425, -4 = 4*r. What is the ten thousands digit of x?
9
Let q(z) = -2*z**3 - 3*z**2 + 3*z + 7. Let l be q(-3). What is the hundreds digit of (((-2154)/(-4))/(-3))/(l/(-50))?
3
Let f(y) = y**3 + 5*y**2 - 24*y + 8. Let h be f(-8). Suppose 7*v + 63 = h*v. What is the units digit of v?
3
Let j = 5025 - 3306. What is the hundreds digit of j?
7
Let v = 69 - 64. Let z be (2/v)/((-3)/135). What is the tens digit of 8*3*(-69)/z?
9
Let h(u) = u**3 + 2*u**2 + 3*u + 4. Let v be h(-2). Let f be (-5)/(5/(-8)) + -1 + v. Suppose x - j = 31, 120 = f*x + 5*j + 5. What is the units digit of x?
7
Suppose v = -2*v. Let z(w) = 317*w - 904. Let n be z(6). Suppose 2*f = 4*i - n, 501 = 2*i - v*i + f. What is the units digit of i?
0
Suppose -4 = 394*c - 396*c. Suppose 2*m - 3*m - 2*b = -2074, -m = -c*b - 2054. What is the tens digit of m?
6
Let o(c) = 17*c**2 - 78*c + 325. What is the ten thousands digit of o(28)?
1
Let d(t) = -t**2 + 3*t + 137. Let w be d(25). Let a = 953 + w. What is the hundreds digit of a?
5
Let o(d) be the first derivative of -1/3*d**3 - 1/4*d**4 - 4 + 7/2*d**2 + 3*d. What is the tens digit of o(-5)?
6
Suppose 18*h = 26*h - 40. Suppose h*p + 4*n = 1138, 0 = -p + 54*n - 51*n + 239. 